*2 - 3*j**2. Let l be h(0). Let a = 11 - l. What are the prime factors of a?
3
Suppose 15 = -0*i + 3*i. Suppose 0*q + i*q = 5. Suppose 5*p + 7 = -2*d - 14, -2*d = p + q. What are the prime factors of d?
2
Let h be 3/(-12) - 2/(-8). Suppose 5*d + h*d - 135 = 0. What are the prime factors of d?
3
Let h(v) = v**3 + 5*v**2 - 5*v - 5. Let f be h(-5). Suppose -60 = -2*g + 4*c, 5*c - c = g - f. What are the prime factors of g?
2, 5
Let w(t) = -7*t - 17. List the prime factors of w(-9).
2, 23
Suppose -4*o + 2 = -h - 16, 4*o - 14 = -h. Let a(j) = j**2 + j. What are the prime factors of a(h)?
2
What are the prime factors of (-606)/(-7) + (-12)/(-28)?
3, 29
Suppose 0 = 4*k - 1 - 3. Suppose 2 = -3*h - 4*p + k, -14 = -2*h + p. Suppose q + 4*q = -h, -3*q = 2*y - 19. What are the prime factors of y?
11
Let n(m) = m - 4. Let s be n(12). Let d = 0 + s. List the prime factors of d.
2
Let l = -12 - -14. Suppose l*g - 5*i = 15 + 26, -g + 18 = -5*i. List the prime factors of g.
23
Let o(u) = -u**3 + 6*u**2 + u - 4. Let n be o(6). Let d(i) = -4*i**n - i + 2 - 5*i + 3*i**2. What are the prime factors of d(-6)?
2
Let f = 22 + 14. What are the prime factors of f?
2, 3
Let n(f) = -f**3 + 5*f**2 - f + 7. Let u be n(5). Let t = 5 + 7. Let z = t - u. What are the prime factors of z?
2, 5
Let x(s) be the third derivative of s**6/120 + s**5/10 + 5*s**4/24 - s**3/2 + 2*s**2. List the prime factors of x(-4).
3
Let w(q) = q - 2. Let y = 6 + -3. Let c be w(y). Suppose -5*o + 4*a = -23, 5*a + 3 + c = -2*o. List the prime factors of o.
3
Let n = -1 - -3. Suppose -5*b = -b - 8. Let p = b + n. List the prime factors of p.
2
Let p(y) = 4 - y**2 - 6*y - 2*y - 4 + 11. What are the prime factors of p(-9)?
2
Let z = 46 + -76. Let r = -9 - z. What are the prime factors of r?
3, 7
Suppose 3*s = 5*o - 2 + 11, o - 4*s + 12 = 0. Suppose o = 4*t + t - 45. List the prime factors of t.
3
Let a(h) = h**3 - 3*h**2 - 7*h + 4. List the prime factors of a(5).
19
Let g = 3 + -5. List the prime factors of (1 - 1) + (-4)/g.
2
Let p = 5 - 3. Let j(u) = u + 15. Let d be j(-11). Suppose -d*l - c = -p*c - 24, 10 = -2*l - 5*c. What are the prime factors of l?
5
Suppose 3*d = -s - 6, d - 10 = s + 3*d. List the prime factors of 3/(-18) + (-237)/s.
13
Let o(z) = z**2 + 5*z - 8. List the prime factors of o(-9).
2, 7
Let a = -3 - -3. Let s = 3 + a. What are the prime factors of s?
3
Let t(s) = 56*s + 6. Let r(a) = -19*a - 2. Let j(x) = -10*r(x) - 3*t(x). Let l(k) = k + 1. Let m(f) = j(f) - 3*l(f). What are the prime factors of m(1)?
2, 3
Let p(o) = 3*o. Let t be p(1). Let v = t - -1. Suppose 4*y = 4*r, -v*r - y = -0*y - 25. What are the prime factors of r?
5
Let u(f) be the third derivative of -f**7/2520 - f**6/240 - f**5/30 + f**2. Let n(h) be the third derivative of u(h). List the prime factors of n(-3).
3
Let h(u) = u**2 + 14*u - 3. Let f be 710/(-45) - 2/9. List the prime factors of h(f).
29
Let a(f) = f - 1. Let g(q) = q**2 - 4*q + 1. Let z(b) = 3*a(b) + g(b). What are the prime factors of z(5)?
2, 3
Suppose 6*j - 7*j = -11. What are the prime factors of j?
11
Suppose c + 4 = -13. Let j = c - -30. What are the prime factors of j?
13
What are the prime factors of (-48)/(-32)*94/3?
47
Let b = 427 + -173. List the prime factors of b.
2, 127
Suppose -3*v - 1 = -t - 6*v, 3*t - 9 = -3*v. Let z(f) = 2 + 2 + 0 + 0*f**3 - f**3 + 2*f + t*f**2. What are the prime factors of z(3)?
19
Suppose -2*v = 2*v + 40. Suppose -3*k = 22 + 8. What are the prime factors of ((-18)/k)/((-3)/v)?
2, 3
Suppose 10 = -2*p + 88. Suppose 3*b - p = -9. List the prime factors of b.
2, 5
Let p be (-21)/6*1*2. Let y = -5 - p. Suppose 5*w = 2*l + 33, w - 2*w + y*l = -13. List the prime factors of w.
5
Let r(z) = -3*z**3 + 2*z**2 + 8. What are the prime factors of r(-3)?
107
Let t be 2/6*-38*15. What are the prime factors of t/(-6) + 6/(-9)?
31
Suppose -s - 7 = -6. Let b = s - -9. List the prime factors of b.
2
Let c be (8 - 3)*(-2)/(-5). Suppose -3*t = 4*z + 86, 6*z - 5*t + 70 = c*z. List the prime factors of (-30)/(-8) + (-5)/z.
2
Let a = 47 + -97. List the prime factors of a/(-15)*(-12)/(-10).
2
Suppose -2*k + 5*o + 5 = -104, -2*k = 2*o - 102. List the prime factors of k.
2, 13
Suppose 5*b - 7 = 3. Suppose -39 = -b*h + 45. What are the prime factors of h?
2, 3, 7
Let a(p) = p**3 + 6*p**2 + 3*p - 6. Let k be a(-5). Let n(c) = -c + 6. List the prime factors of n(k).
2
Let y(i) = i**2 - 6*i + 7. Let k be y(6). List the prime factors of (-2)/(k + -1)*-21.
7
Let z = 250 + -122. List the prime factors of z.
2
Suppose i = 4*i. Suppose i = -4*q + 2*q + 46. List the prime factors of q.
23
Suppose 0 = -y - 4*y + 190. What are the prime factors of y?
2, 19
Let v(w) be the first derivative of w**3/3 + 3*w**2 - 11*w - 3. Let k be v(-10). Let t = k + -17. What are the prime factors of t?
2, 3
Suppose 4*w = -5*d - 0*d + 111, 2*d + 78 = 2*w. List the prime factors of w.
2, 17
Let u(d) = d**3 - 6*d**2 + 6*d - 5. Let h be u(5). Suppose -2*x + h*x = 0. List the prime factors of 3 + x - (-20)/2.
13
Let n be 5/3 - 2/(-6). Suppose 3*a - 12 = 7*h - n*h, a - 4 = 4*h. Suppose 0*i - 2*i + 2*u + 18 = h, -5*u - 35 = -3*i. List the prime factors of i.
5
Let x = 4 - 1. Suppose 7*d - 12 = x*d. What are the prime factors of d?
3
What are the prime factors of (-3)/(-2)*(1 - 699/(-9))?
2, 59
Suppose 140 = 2*x + 3*b, 20 + 0 = 5*b. Suppose 0 = p - 2*p + j - 1, 2*p = -5*j + 26. Suppose p*r + 10 = x. What are the prime factors of r?
2, 3
Let d(o) = o + 5. Let w be d(-5). Suppose l + w*l - 4 = 0. What are the prime factors of (l - 3/1) + 16?
17
Suppose l + t = 51, 4*t - 251 = -5*l - 0*t. List the prime factors of l.
47
Let u(g) = 2*g**2 - 3*g**2 + 4 - 3. Let d be u(2). List the prime factors of (-4)/d*3 - 1.
3
Let t = 10 + 4. Suppose a - 4*k = -14, -2*k + 1 = -9. Suppose -5*v - t = -a*v. What are the prime factors of v?
2, 7
Let v(y) = 19*y**2 + 3*y - 2. What are the prime factors of v(1)?
2, 5
Let c = 4 - 0. Let b(m) = c*m + 3 + 2*m - 9 - 3*m. List the prime factors of b(4).
2, 3
Suppose -3*y + 5*d - 12 = 4, -20 = -5*y - d. Suppose 0 = -y*g + g. Suppose g*f - 19 = -3*f - 5*a, 0 = -5*f - a + 17. List the prime factors of f.
3
Suppose -2*a - 14 = -6*h + 2*h, 3*h - 18 = -a. Let x(d) = d - 1. Let t be x(1). Suppose 0 = -5*w - a*o + 35, w - 5*o - 2 - 5 = t. List the prime factors of w.
7
Let h = -2 - -26. Suppose -u - h = -2*u. Suppose 0 = -4*t + t + u. What are the prime factors of t?
2
Let u(j) = 4*j - 10. List the prime factors of u(3).
2
Suppose -112 = -6*g + 2*g. List the prime factors of g.
2, 7
Suppose -49 = -3*u + 44. What are the prime factors of u?
31
Suppose 4*d - 5*f + 4 = 0, -5*d + 2*f + 4 = -2*f. Suppose -73 = d*w + 11. Let t = -10 - w. List the prime factors of t.
11
Suppose 5*g - 5*u - 220 = 0, 2*g = -3*u + 78 - 15. What are the prime factors of g?
3, 13
Let p = 11 + -9. Suppose -p*m + 36 = -0*m. List the prime factors of m.
2, 3
Suppose -5 + 23 = -4*w + 2*q, -q = -w - 6. What are the prime factors of (-2)/3 - 35/w?
11
Suppose -8*d + 2112 = 8*d. List the prime factors of d.
2, 3, 11
Let j = -43 + 140. List the prime factors of j.
97
Let b be (-56)/(-2 + -1 + 2). Let t = 84 - b. What are the prime factors of t?
2, 7
Let y(j) = j + 4. Let v be y(-7). Let t be -1 + 2 - (-1 + v). Suppose 4*k - 56 = -k + 2*o, -t*k = o - 62. List the prime factors of k.
2, 3
Suppose -5*q = 20, u - 64 = -4*q + 2*q. List the prime factors of u.
2, 3
Suppose 0 = 50*k - 47*k - 981. What are the prime factors of k?
3, 109
Let i be (21/12)/((-1)/4). Let g(r) = -r**3 - 7*r**2 - 4*r - 8. List the prime factors of g(i).
2, 5
Let s be (-16)/(-10) + 8/20. Suppose -m + 3*u - 6 = -s*m, 3*u = -3*m + 12. What are the prime factors of m?
3
Let q = 5 + -8. List the prime factors of (q - -19) + 2 + -3.
3, 5
List the prime factors of (18 - -2)*(-8)/(-4).
2, 5
Let k(p) = 14*p**3 - 3*p**2 + 6*p - 2. What are the prime factors of k(2)?
2, 5, 11
Let x(l) = l**3 + 20*l**2 - 28*l - 29. What are the prime factors of x(-21)?
2, 59
Let b be (-4)/(-2) + -2 + 0. Suppose -3*x - c + 6 = b, 4*x - 5 = -c + 4. Suppose -2*n = x*f - 15, 4*n = 6*f - 2*f - 20. What are the prime factors of f?
5
Let l(z) be the third derivative of z**6/120 + 11*z**5/60 + 3*z**4/8 + 11*z**3/6 + 2*z**2. List the prime factors of l(-10).
3, 7
Let